rue
Is 7678702771 a composite number?
False
Is 992951441 prime?
False
Is 32429470511 a composite number?
True
Is 24291278917 a prime number?
True
Is 4825914601 a composite number?
False
Is 7076784613 composite?
True
Is 15922425041 composite?
False
Is 2329951319 a composite number?
True
Is 57319732055 a composite number?
True
Is 62484046607 composite?
False
Is 200167049 a prime number?
False
Is 149778091 a prime number?
True
Is 25700518211 a prime number?
False
Is 3153329369 a composite number?
False
Is 11516789 a composite number?
False
Is 734501227 prime?
True
Is 156493999 composite?
False
Is 19760977217 a composite number?
True
Is 78925344581 a prime number?
False
Is 9476978639 a composite number?
True
Is 169644571 a prime number?
True
Is 111441899203 composite?
True
Is 2553865729 a prime number?
True
Is 8483378989 a composite number?
True
Is 455505875257 prime?
True
Is 952387019 a prime number?
True
Is 557212987 prime?
False
Is 1650159073 a prime number?
False
Is 784803982 prime?
False
Is 1909497787 prime?
True
Is 91906026587 a composite number?
True
Is 33399313 a prime number?
True
Is 653290507 composite?
True
Is 5514818473 a composite number?
True
Is 191142824489 a composite number?
False
Is 14970855161 composite?
True
Is 35086748741 prime?
False
Is 546403483 composite?
True
Is 497715065 a prime number?
False
Is 188740291841 a prime number?
False
Is 15864030359 a prime number?
False
Is 30649694863 composite?
True
Is 23248152071 composite?
False
Is 16839926099 a composite number?
False
Is 1496320747 composite?
True
Is 192747193 composite?
False
Is 576161167 prime?
True
Is 885953069 a prime number?
True
Is 342733897 a prime number?
False
Is 5228141657 a composite number?
False
Is 831710317 prime?
True
Is 31415366139 composite?
True
Is 33683905987 composite?
False
Is 1797907829 prime?
True
Is 391099283 composite?
False
Is 5744042797 prime?
True
Is 1299960623 prime?
False
Is 1132795997 a prime number?
True
Is 38865740413 composite?
False
Is 8740860749 a prime number?
False
Is 349267300409 composite?
False
Is 13841526203 prime?
False
Is 1069432471 prime?
False
Is 67790467 a composite number?
True
Is 809473289 a composite number?
True
Is 187702903 a prime number?
False
Is 15275631557 prime?
False
Is 6250094429 composite?
True
Is 307072807 a prime number?
True
Is 1121408891 a composite number?
False
Is 9435337753 composite?
True
Is 51697363 a prime number?
False
Is 1690452571 a prime number?
True
Is 13000058697 a prime number?
False
Is 2510797381 a prime number?
False
Is 931231789 a prime number?
False
Is 2164978979 a composite number?
False
Is 2440942627 prime?
True
Is 56996539 prime?
False
Is 81471904861 a composite number?
False
Is 52355031889 a composite number?
True
Is 21310217231 prime?
True
Is 172107731 a composite number?
False
Is 25540323911 prime?
False
Is 101983559 a composite number?
True
Is 128705729 a prime number?
True
Is 2339992093 prime?
True
Is 276856607 a composite number?
True
Is 77032054637 composite?
False
Is 816365717 a prime number?
False
Is 236015821 prime?
True
Is 7631916389 prime?
True
Is 11228270269 a composite number?
False
Is 61865245803 a composite number?
True
Is 416118137 composite?
True
Is 29522282801 prime?
False
Is 3541480931 composite?
False
Is 20756009 a prime number?
True
Is 14120804689 composite?
False
Is 654838621 a prime number?
False
Is 10373512595 a prime number?
False
Is 72453709 prime?
False
Is 736422593 composite?
False
Is 686374781 a composite number?
False
Is 77512889 a prime number?
True
Is 13069926421 composite?
True
Is 3145922779 a prime number?
True
Is 322490653 prime?
False
Is 1782375791 composite?
True
Is 16330851317 a prime number?
False
Is 9243757561 a composite number?
False
Is 4476799 composite?
True
Is 7403151277 composite?
False
Is 843644561 composite?
False
Is 1215308233 prime?
True
Is 4842139 a prime number?
True
Is 11729035273 a composite number?
False
Is 8498745989 prime?
True
Is 534258769 composite?
True
Is 344389607 a composite number?
False
Is 826681649 a prime number?
True
Is 344528852663 a prime number?
True
Is 910647767 a prime number?
False
Is 7913933501 prime?
False
Is 3805948673 composite?
False
Is 11400620219 composite?
True
Is 16586445167 a composite number?
True
Is 249783497 prime?
False
Is 38191693339 a prime number?
True
Is 1629677989 a composite number?
True
Is 12069691999 a prime number?
True
Is 24948114911 a composite number?
False
Is 68610489191 a prime number?
True
Is 34272533311 a prime number?
True
Is 1445560997 a composite number?
True
Is 4796682769 a prime number?
False
Is 472435003 prime?
True
Is 37655922583 a composite number?
False
Is 27119483 composite?
True
Is 4169008661 composite?
False
Is 27773149121 composite?
True
Is 2246226691 a prime number?
True
Is 5707898657 composite?
False
Is 883643063 a prime number?
False
Is 300639545 a composite number?
True
Is 666502721 prime?
True
Is 1049142151 a composite number?
False
Is 14305177241 prime?
True
Is 29950001 a composite number?
True
Is 5784077555 a composite number?
True
Is 8205339638 a prime number?
False
Is 3560454101 composite?
True
Is 2940265343 a prime number?
True
Is 3006241141 prime?
False
Is 62004277499 a prime number?
True
Is 189485209 composite?
False
Is 5758766501 a composite number?
True
Is 12570813137 prime?
False
Is 762402931 a prime number?
True
Is 99267515 a composite number?
True
Is 858974069 a composite number?
False
Is 71606540669 prime?
True
Is 835033247 a prime number?
True
Is 681566087 a prime number?
False
Is 4049106829 a prime number?
False
Is 1589590547 a prime number?
False
Is 1084892047 prime?
True
Is 3127967951 composite?
False
Is 116899208201 a composite number?
True
Is 2387943169 a prime number?
True
Is 187731499 composite?
False
Is 585619457 composite?
False
Is 2387491957 prime?
False
Is 45295311493 prime?
True
Is 4406470049 prime?
False
Is 6770904317 prime?
True
Is 2471012455 prime?
False
Is 24055680281 composite?
True
Is 10490294949 a composite number?
True
Is 4686778991 a composite number?
False
Is 45036319397 a composite number?
True
Is 3135821353 a prime number?
False
Is 418329077 composite?
False
Is 3572431393 a prime number?
False
Is 30588521053 a composite number?
False
Is 61532110643 composite?
False
Is 1217230303 prime?
False
Is 6962566939 a prime number?
True
Is 89325946291 prime?
False
Is 289517741 prime?
True
Is 1155742543 composite?
False
Is 23487904849 a composite number?
True
Is 2196306089 composite?
False
Is 1554204137 a prime number?
False
Is 104577519 a composite number?
True
Is 5502616499 prime?
True
Is 545629199 a composite number?
True
Is 2761524343 prime?
False
Is 5853974417 a prime number?
True
Is 5275187167 a composite number?
True
Is 16773927131 a composite number?
True
Is 268343687 composite?
False
Is 2779747459 a prime number?
True
Is 2102073289 prime?
False
Is 4030160711 a prime number?
False
Is 717568259 a composite number?
True
Is 176552488919 a composite number?
False
Is 45605535529 a prime number?
False
Is 4527286667 a composite number?
True
Is 984654179 a composite number?
False
Is 33768759653 composite?
True
Is 14827094719 prime?
True
Is 1100870087 a composite number?
False
Is 194807563 a prime number?
False
Is 16461273187 a composite number?
True
Is 2494260809 prime?
True
Is 2010232373 a composite number?
True
Is 139101161 a prime number?
True
Is 191133451 prime?
True
Is 5233395437 prime?
False
Is 2499412753 a composite number?
False
Is 2651692957 a prime number?
False
Is 2443337659 a prime number?
False
Is 55461961291 a prime number?
False
Is 1548499237 a composite number?
True
Is 58896342541 composite?
False
Is 1119486659 composite?
True
Is 2515446287 a composite number?
False
Is 5629358773 a composite number?
False
Is 38172357871 composite?
True
Is 405484770293 a prime number?
True
Is 2862691133 a prime number?
False
Is 1890301937 a prime number?
False
Is 1403633311 composite?
False
Is 2075809643 composite?
True
Is 10099912367 prime?
True
Is 2626917841 a prime number?
False
Is 2935548149 a prime number?
True
Is 269946979 a composite number?
True
Is 4706875837 prime?
True
Is 19747213411 a prime number?
False
Is 2186222707 composite?
True
Is 22595604047 composite?
False
Is 1289816761 a composite number?
True
Is 107409629 composite?
Fa